 Let o(n) = 22*n**2 - 7*n - 7. Let w(b) = -5*j(b) - 4*o(b). What is the units digit of w(-2)?
0
Let i = 13 - 22. Let c(g) = -g - 14. Let n be c(i). What is the tens digit of (-141)/n + (-3)/15?
2
Let h = -881 + 2055. What is the thousands digit of h?
1
Let h(x) = 189*x**3 + x. Let b be h(1). Suppose 2*y + 0*y + 5*o + 105 = 0, 5*y = 2*o - b. Let l = 75 + y. What is the units digit of l?
5
Let g be ((-4524)/26)/((-4)/14). Suppose -l + 3*u + 0*u = -197, 3*l = 3*u + g. What is the units digit of l?
6
Suppose 5*i + 5*b = 985, 4*b = 2*i - 381 - 13. What is the hundreds digit of i?
1
Let h = -10 - -13. Suppose -6 = -h*i + 5*i. What is the units digit of 30 + i/2*2?
7
Let q = 5632 - 2347. What is the units digit of q?
5
Let r(i) = i**3 + 4*i**2 + 5*i + 4. Let q be r(-3). Let f be (q - (-1)/3)*-3. Suppose 0*s = f*s - 165. What is the tens digit of s?
3
What is the hundreds digit of (-1 + -4)/(48/(-9456))?
9
Suppose 3 = -4*i - 1. Let t be (-20)/4 + 3 + i. What is the units digit of (-6 - t) + 4 + 0?
1
Suppose -2*h + 9*h = 21. Suppose -5*l - 126 + 15 = 3*n, h*l + 67 = -2*n. What is the tens digit of (140/60)/((-1)/l)?
4
Suppose 0 = -5*m - 3*m + 24. Suppose -5*j = -3*k - 314, j = -m*j + 5*k + 259. What is the tens digit of j?
6
Suppose -404 = 3*l - 6*l + z, 0 = -2*l - 4*z + 246. Let u = l + -203. Let t = u - -113. What is the tens digit of t?
4
Let q = -65 - -382. What is the units digit of q?
7
Suppose -n = m + 2, 4*m = -n + 2 + 2. Let k be 0/(-5) - (-2 + 0). Suppose 0 = -m*o + 2, 2*y = -2*y - k*o + 98. What is the units digit of y?
4
Let s(w) = 23*w**2 - 3*w - 30. What is the hundreds digit of s(-6)?
8
Suppose 5*u - 21793 = -32*u. What is the units digit of u?
9
Let r be (-3)/2 - (-54)/12. Suppose r*k + 4*w - w - 171 = 0, 5*k = w + 285. What is the tens digit of k?
5
Let p be -2 + 5/((-25)/(-10)). Suppose 5*x + 0*n = -4*n + 278, 4*n + 12 = p. What is the units digit of x?
8
Suppose -j = 2*p - 454, -5*p - 2*j + 682 = -2*p. What is the hundreds digit of p?
2
Suppose -3*p + x + 4 = -0, p - 8 = 2*x. Suppose -a + 10 = 4*a. Suppose 5*u - 113 = -p*u + 4*n, -3*n = a*u - 36. What is the units digit of u?
1
Suppose -3*m - 3*t + 69 = -0*m, 0 = 4*m - 5*t - 119. What is the hundreds digit of (m/52)/(1/458)?
2
Let q = -42 - -311. What is the tens digit of q?
6
Let l(o) = -2 - 3 - o**2 + 0 + 13*o. What is the units digit of l(5)?
5
Let q = 12 + 6. Let i = 102 - q. What is the units digit of i/10 + 6/(-15)?
8
Suppose -2*f + 54 = -2*j, -5*f + 112 = 3*j - 31. Suppose -5*u - 52 = -3*b + 6*b, 3*u + b + f = 0. What is the units digit of (3 - u) + 2*-1?
9
Suppose 0 = 5*i + 5*l - 580, -2*i + 0*i + 3*l = -252. Let m = i - 81. Suppose 0 = -3*f - 0*f + m. What is the units digit of f?
3
Let m = -18 + 185. What is the units digit of m?
7
What is the tens digit of (8/4)/((-18)/(-29637))?
9
Suppose r + 3*n + 8 = 2, -5*n - 10 = -r. Suppose r = -q + 3*h + 43, -5*q - 100 + 347 = h. What is the units digit of q?
9
Let k be ((-32)/(-24))/((-3)/(-9)). What is the units digit of 1/4 - (-95)/k?
4
Let r = 7526 - 3776. Suppose -7*w + r = 18*w. What is the units digit of w?
0
Let i(a) = -a**3 - 7*a**2 - 12*a - 65. What is the hundreds digit of i(-10)?
3
Suppose 0 = -z - 2*p + 63, 4*p - 15 = 7*p. What is the units digit of z?
3
Let j be ((-3)/(-9)*0)/2. Suppose z + 44 - 149 = j. What is the hundreds digit of z?
1
Let m = -85 - -64. Let p = m + 90. What is the units digit of p?
9
Let c = 1094 + -131. Suppose c = 7*a + 32. What is the hundreds digit of a?
1
Let t(s) = s - 9. Let n be t(-5). Let v = n - -17. What is the units digit of v?
3
Let r = 3967 - 2329. What is the thousands digit of r?
1
Let u(o) = 31*o + 6. Let a be ((-2)/((-8)/(-12)))/(-1). Let r be u(a). Suppose 2*n = 2*b - n - r, -3*n = -5*b + 261. What is the units digit of b?
4
Let b = 12 - 1. Suppose -p + 2*p + b = 0. Let w = p - -14. What is the units digit of w?
3
Suppose 4*a = 5*r + 3*a - 259, 5*a = 4*r - 203. Let f = r - -45. What is the tens digit of f?
9
Suppose -4*m - 608 = -3*x - 10676, -5032 = -2*m + 2*x. What is the units digit of m?
0
Let s(q) = -7*q - 17. Let n be s(-7). Let j = -8 - n. Let t = 11 - j. What is the tens digit of t?
5
Suppose 0 = 3*i + 4*i - 868. Suppose -2*h - 2*h = 5*a - i, -4*a - 5*h = -92. What is the tens digit of a?
2
Let j(m) = -m**3 + 26*m**2 - 29*m - 38. What is the units digit of j(23)?
2
Suppose 0 = 5*c - 1914 - 12546. What is the units digit of c?
2
Let z(y) = 80*y - 2. Let l be z(3). Suppose -9*v - 15 = -14*v. What is the tens digit of l/21 - 1/v?
1
Suppose 5*c = p + p + 90, 0 = 3*c - p - 55. Suppose 0 = -4*d + 2*d + 2*r + 10, 0 = 4*d + 2*r - c. Suppose -2*a + 5 = -d. What is the units digit of a?
5
Suppose 5*v + b - 80 = 0, 50 = 5*v + 3*b - 8*b. Let m = v - -24. What is the units digit of m?
9
Suppose a + 12*c - 3321 = 0, -5*a = c - 3950 - 12478. What is the units digit of a?
5
Let y = -17 - -29. Let c be 3 + (2 - y) + 4. What is the tens digit of (-81)/(-12)*(c - -7)?
2
Let r(u) = u**2 + 3*u - 10. Let t be r(3). Suppose 6*o + t*o = 938. What is the units digit of o?
7
Let u(r) be the first derivative of r**2/2 + 89*r - 13. What is the tens digit of u(0)?
8
Suppose -4*i = 2*f + 554, -f - 25 = -6*f. Let g = 241 + i. What is the units digit of g?
0
Let l(p) = p - 5. Let s be l(5). Suppose 0 = 3*h + 2*d + d - 57, s = -3*h - 5*d + 57. What is the tens digit of h?
1
Let m be 6/(-5)*(-10)/6 - -2. What is the units digit of (-470)/(-8) + m/16?
9
Suppose 4*z + 8613 = 9*z - 2*a, 3*z = 5*a + 5164. What is the hundreds digit of z?
7
Let q = 3876 + -2469. What is the thousands digit of q?
1
Let a = 44 - 11. What is the tens digit of ((-194)/(-6))/(11/a)?
9
Suppose 4*x + 4*v = 1192, 6*x - v = -5*v + 1786. What is the units digit of x?
7
Let d(y) = 2*y**2 - 8*y + 3. Let p(a) = a**2 + a + 5. Let o be p(0). Suppose 0 = o*g + 15, -3*u + 4*g + 30 = -0*u. What is the units digit of d(u)?
7
Let b(s) = 4*s**3 + 4*s**2 - 1 - 3*s**3 + 0*s + 3*s - 2*s. Let u be b(-3). Suppose 116 = u*w + 36. What is the units digit of w?
6
Let o(g) = g**3 + 6*g**2 + 7*g - 2. Let w be o(-4). Suppose 173 = 2*q - w*a - a, a = -3. What is the units digit of q?
2
Let p(y) = -y**3 + 6*y**2 - 2*y - 3. Let d be p(3). Suppose -51 - d = -w. What is the units digit of w?
9
Let m(n) be the second derivative of n**4/12 + 2*n**3 + 13*n**2 - 2*n - 4. What is the tens digit of m(-18)?
3
Let g be 5/5 + (-4)/(-2). Suppose -4*h - c = -116, -g*h - 14 = 5*c - 118. What is the units digit of h?
8
Let a be 1/((24/207)/8). Suppose -3*g = -2*g - a. What is the tens digit of g?
6
Let c = 937 + -440. What is the hundreds digit of c?
4
Let a = -616 + 1981. What is the hundreds digit of a?
3
Let j(k) = 44*k**2 + 11*k - 39. What is the hundreds digit of j(4)?
7
Let z(f) = 21 + 0*f**2 + 15*f**3 + 5*f**2 - 6*f**2 - 16*f**3. Let j = -2 - -2. What is the units digit of z(j)?
1
Let r = -1 - -16. Let m(n) = -n**2 + 20*n - 18. What is the units digit of m(r)?
7
Let q be (64/8)/((-2)/(-49)). Suppose -3*l + 7*l - q = 0. Suppose 3*o - w + l = 7*o, -29 = -2*o + w. What is the tens digit of o?
1
Suppose -3*t + 45 = -4*s, 5*t - 65 = s - 7. Suppose 7 = -r + t. Suppose -r = -5*b + 1, -4*z = -b - 147. What is the tens digit of z?
3
Suppose -163*s = -170*s + 11123. What is the thousands digit of s?
1
Suppose 0 = n - 31 - 125. What is the hundreds digit of n?
1
Suppose 5*s = 2*r - 212, 0 = 3*r - 4*s + 3*s - 292. What is the units digit of r?
6
Suppose 0 = 3*o + 5*b + 85, 0*o = 3*o + 3*b + 87. Let f = o - -125. Suppose 0 = -5*a + k + 320, -2*k + f + 84 = 3*a. What is the tens digit of a?
6
Suppose 13*s - 31 = 21. Suppose d = -0*d + 6. Suppose -q = -d - s. What is the tens digit of q?
1
Let d be ((-3 + 0)*1)/(0 - 1). Let p(s) = 9*s**3 - 5*s**2 + 6*s + 2. What is the hundreds digit of p(d)?
2
Let c = 0 + 11. Suppose -j - 67 = -6*j + 2*z, -j + c = -z. Suppose 2*o + 5*q - 50 = 0, -j = -0*o - o - 5*q. What is the tens digit of o?
3
Let q(x) = -x**3 + 7*x**2 - 6*x. Let i be q(6). Let r(k) = k**3 - k**2 - k + 21. Let h be r(i). What is the units digit of 1/(((-9)/h)/(-3))?
7
Suppose -5*k = -o + 253, 3*k + 5*o + 161 = o. What is the units digit of k/(-34)*22/3?
1
Suppose 5*v - 7*v + 487 = 5*k, 2*v - 508 = 2*k. What is the units digit of v?
1
Let n(f) = 9*f**2 - 6*f + 110. What is th